 Suppose o = b*z - 7. What is the greatest common divisor of 108 and z?
12
Let y(n) = -n + 32. Let f be y(19). What is the greatest common divisor of f and 39?
13
Let k be 1131/18 - 2/(-12). What is the greatest common factor of k and 21?
21
Let i be 2/(-3)*(14 + -35). Calculate the highest common factor of i and 84.
14
Let r = 461 + -455. Let k = -8 - -12. Suppose k*n + 170 = 3*w, -3*w = w - 4*n - 224. What is the highest common factor of r and w?
6
Let y = 22 + -20. What is the greatest common factor of y and 16?
2
Let q(p) = 15*p**2 + 3*p - 4. Let r be q(3). Calculate the greatest common divisor of r and 28.
28
Let o be (-2)/(-7) + (-1328)/(-56). Calculate the greatest common factor of 36 and o.
12
Suppose k = 38 + 7. Let r be (36/k)/(2/30). Calculate the greatest common factor of r and 36.
12
Let v(z) = 136*z**2 - 1. Let y be v(1). Suppose 24 = 3*h - y. Let s = -27 + h. Calculate the highest common divisor of 13 and s.
13
Suppose 7*k + 38 - 129 = 0. What is the greatest common divisor of 39 and k?
13
Let w = -155 - -175. Calculate the greatest common divisor of w and 320.
20
Let o(a) = -a**3 + 6*a**2 + 3*a - 8. Let g be o(6). Suppose 0*j = -3*u - 2*j + 86, -u - 5*j + 20 = 0. What is the greatest common divisor of g and u?
10
Let r = 585 - 145. Suppose -5*v = -2*j + 176, -8*j + 3*j + 4*v + r = 0. What is the greatest common divisor of 11 and j?
11
Suppose -5*u + 80 = 5*u. Calculate the greatest common factor of 40 and u.
8
Suppose 0 = -2*z + 16 - 0. Suppose 2 + 118 = 5*n. Calculate the greatest common divisor of z and n.
8
Let l = -57 - -93. Calculate the greatest common factor of l and 12.
12
Suppose 7*p - 11*p = -32. What is the greatest common factor of 1 and p?
1
Let d = -31 + 39. Calculate the greatest common divisor of 88 and d.
8
Suppose 4*p = 4*l - 8, -p + 1 = 5*l - 3*p. Let y be 2 + 1 + (l - -1). Suppose -4*x + 4 = -5*z - 14, y*z = -6. Calculate the highest common divisor of 6 and x.
2
Suppose 0 = 4*m + 4*f - 92, -3*m - 2*f = -40 - 30. Calculate the greatest common factor of m and 216.
24
Let v(y) = -y**3 + 3*y**2 + 10*y + 4. Let c be v(5). Calculate the highest common divisor of 28 and c.
4
Let p(x) = 2*x**2 - 3*x - 2. Let l = -5 + 3. Let y be p(l). What is the highest common factor of 12 and y?
12
Let s(z) = 9*z**2 + 1. Let n be s(-1). Suppose 0 = w - 21 - 49. What is the highest common factor of n and w?
10
Let p(g) = -g + 7. Let r be p(6). Let v = r + 1. Suppose -2*n + 22 = 3*o + 2*o, 0 = 3*n - v*o - 52. What is the highest common divisor of n and 48?
16
Suppose 344 = 16*k - 8*k. Calculate the highest common factor of k and 344.
43
Let u(y) = -3*y**3 + y**2 + 2*y - 4. Let n be (-22)/6 - (-6)/9. Let a be u(n). Calculate the highest common factor of 10 and a.
10
Let p(c) = -c**2 + 14*c - 2. Suppose 2*d + 24 = 6*d. Let b be p(d). Suppose 5*z = -b + 271. What is the greatest common divisor of z and 15?
15
Suppose -2*o + 15*i = 16*i - 28, 0 = 2*o - i - 20. Calculate the highest common factor of 12 and o.
12
Let r(q) = q**3 - 4*q**2 - 2*q - 6. Let p be r(5). Let v = p + -5. Calculate the highest common divisor of 4 and v.
4
Suppose 4*v = u + 3, u + u + 3 = 5*v. Let r(j) = 40*j**3 + j**2 - 1. Let a be r(v). Calculate the greatest common factor of 20 and a.
20
Suppose 5*u + 4*x = 6, 2*u + x - 6 = 3*x. Suppose 5*d - u*d = 483. Calculate the greatest common factor of d and 23.
23
Suppose -2*i - 3*v + 31 = 0, 2*i + 2*v - 28 = -0. What is the greatest common divisor of i and 176?
11
Let w = -47 + 50. Let q = 35 + -20. What is the greatest common factor of q and w?
3
Let c(p) = 2*p**3 - p**2 - 5*p - 3. Let d be c(4). Let j = d - 41. What is the greatest common factor of 16 and j?
16
Suppose -3*b + 687 = 3*g, -615 + 149 = -2*g + 2*b. Calculate the greatest common divisor of 33 and g.
33
Suppose 0 = -3*h + 3*y + 123, -2*h - 2*y + 101 = 3. What is the greatest common divisor of 30 and h?
15
Let s = 35 + -30. Calculate the greatest common factor of 50 and s.
5
Suppose 2*x + 40 = -46. Let o = x - -60. Let l = 253 + -151. Calculate the highest common factor of l and o.
17
Let r be 399/(0 - (-2)/12). Let f be (-3)/12 + r/8. Suppose -5*c + 46 + f = l, l = -5. What is the greatest common factor of c and 14?
14
Let p be 0/(2/1) - -6. Let k(i) = i**2 + 6*i - 8. Let h be k(p). Calculate the highest common divisor of 8 and h.
8
Let u(o) = 3*o - 3. Let t be u(7). What is the highest common divisor of t and 45?
9
Let s(o) = -2*o + 14. Let z be s(6). Suppose 3*l = -j + 55 + 7, z*l + j = 40. What is the greatest common factor of l and 88?
22
Suppose -3*v = 0, -3*q = v + 4*v - 30. Suppose 0*z = -4*z + 40. What is the greatest common factor of z and q?
10
Let j = 4 + 0. Suppose -3*m - y + 20 = -0, 2*m = -4*y + 30. Suppose -5*q + 140 = m*i, -44 = -3*i + 2*i + 3*q. Calculate the highest common divisor of j and i.
4
Let g(i) = i + 37. Let q be g(19). Calculate the highest common factor of 14 and q.
14
Suppose 0*r + 106 = 2*r + 2*y, 2*r = -3*y + 108. Calculate the greatest common divisor of 255 and r.
51
Suppose -7*n = -3*n - 80. Let g = -83 - -123. Suppose 0*k + g = 2*k. Calculate the greatest common factor of n and k.
20
Suppose 4*l - d + 37 = -0*l, 5*l - d = -45. Let r be 710/8 + (-2)/l. Let b be 2/7 - r/(-7). What is the greatest common divisor of b and 117?
13
Let s(v) = -v**2 - 14*v - 14. Let k be s(-12). What is the greatest common divisor of k and 25?
5
Let v be (5*1)/(4/4). Suppose 4*k = -3*s + 44, -4*k = -7*k + v*s + 4. Calculate the greatest common factor of k and 12.
4
Suppose -16 = 4*v, p + v + v = 172. Suppose 6*s - s = p. What is the greatest common factor of 9 and s?
9
Suppose 3*d - 1 = 47. Calculate the greatest common factor of 112 and d.
16
Suppose k - 4*r = 1 - 17, -5*k = -4*r. Let x = 10 - k. What is the highest common divisor of 6 and x?
6
Let k be 177/5 + (-2)/5. Let c(t) = -4*t + 3*t - 5 + 4. Let m be c(-6). Calculate the highest common divisor of k and m.
5
Let w = -20 + 21. Calculate the highest common divisor of w and 1.
1
Let u(r) = -r**2 + 11*r - 21. Let t be u(5). Let i = 235 + -136. Calculate the greatest common divisor of i and t.
9
Let b = -52 + 60. What is the greatest common divisor of b and 4?
4
Let x(f) = 4*f**2. Let j = -10 + 14. Suppose 0 = -4*h + u + j, 4*u - 3 - 7 = 3*h. Let r be x(h). What is the highest common divisor of 16 and r?
16
Let x = -9 + 17. What is the greatest common factor of x and 8?
8
Let c(p) = -p + 3. Suppose 3*x - 6*x = -12, 2*g = 4*x - 4. Let s be c(g). Let d be 96/s*(2 + -4). What is the highest common factor of d and 16?
16
Let d = 49 - -47. Calculate the highest common divisor of 12 and d.
12
Suppose -4*q + 2 + 2 = 0, -5*q = -4*m + 187. Calculate the greatest common factor of m and 12.
12
Let u(f) be the first derivative of f**2/2 + f + 6. Let x be u(9). Calculate the greatest common factor of 2 and x.
2
Let h = 12 - 3. Let c = 1 + h. Let z be 1 + (88 - (-1 + 0)). What is the greatest common factor of z and c?
10
Let j = -4 - -7. Suppose -7 = -j*x - 31. Let o be ((-63)/12)/(3/x). Calculate the highest common factor of o and 14.
14
Let k = -9 + 3. Let z = 10 - k. What is the highest common divisor of 8 and z?
8
Suppose -20*p = -17*p - 261. Calculate the highest common factor of 116 and p.
29
Let k = 3 - 1. Suppose k*a + a - 6 = 0. Suppose 56 = 6*s - a*s. What is the highest common divisor of 154 and s?
14
Let x = 11 + 5. Calculate the greatest common divisor of 40 and x.
8
Let d be 207/12 + (-5)/20. Calculate the greatest common factor of d and 136.
17
Let z be 4/10 + (-6)/15. Suppose z*m + 2*g - 4 = -m, -g - 1 = 0. Calculate the greatest common factor of 66 and m.
6
Let p be -2*(285/(-6))/5. Let v = -11 + p. Calculate the highest common factor of 20 and v.
4
Let w(f) = -f**3 + 5*f**2 - f + 11. Let y be w(5). What is the greatest common factor of 18 and y?
6
Let g(m) = m + 13. Suppose -14 - 10 = 4*p. Let h be g(p). Calculate the highest common divisor of h and 49.
7
Let t(u) = -u + 8. Let x be t(-10). Calculate the highest common divisor of 9 and x.
9
Let b = 14 - -37. Calculate the highest common divisor of b and 34.
17
Let b = 51 - 50. Calculate the highest common divisor of b and 7.
1
Suppose 5*f - 5*x - 40 = -0*f, -4*f + 24 = -2*x. What is the highest common factor of 2 and f?
2
Suppose 4*s +